q(-7).
13
Let s(x) = x**3 - x**2 + x + 14. Give s(-3).
-25
Let p(t) = 5*t**2 + 15*t - 296. Determine p(9).
244
Let k(y) = -y**3 + 83*y**2 + 927*y + 283. What is k(93)?
4
Let g(d) = -22*d**3 - d**2 - 6*d + 8. Calculate g(1).
-21
Let m(h) = 2*h**3 + 10*h**2 - 70*h - 18. Calculate m(-9).
-36
Let a(l) = -8*l**2 + 49*l - 39. What is a(5)?
6
Let g(l) = 593*l - 307176. Calculate g(518).
-2
Let z(q) = 377*q + 2623. Calculate z(-7).
-16
Let x(v) = v**3 + 18*v**2 + 50*v + 190. Calculate x(-15).
115
Let k(w) = -197*w - 4148. Determine k(-21).
-11
Let v(u) = -1098*u + 3312. Give v(3).
18
Let z(k) = 83*k**2 + 10125*k - 102. Determine z(-122).
20
Let r(o) = 22*o**2 + 376*o + 703. Calculate r(-15).
13
Let l(t) = -23*t - 174. Determine l(-8).
10
Let q(i) = 17*i**2 - 7*i + 24. What is q(2)?
78
Let d(n) = 448*n - 2172. Determine d(5).
68
Let a(w) = -35*w**3 + 74*w**2 - 10*w + 6. What is a(2)?
2
Let h(q) = 22*q + 13. What is h(-1)?
-9
Let p(a) = 2*a**2 + 6. Determine p(-2).
14
Let y(h) = -h**3 - 19*h**2 + 57*h - 113. Calculate y(-22).
85
Let q(b) = 52*b + 61. What is q(-2)?
-43
Let o(a) = -370*a - 4090. Give o(-11).
-20
Let p(o) = -o**2 + 29*o + 532. Calculate p(-21).
-518
Let w(d) = -2*d**3 - 3*d**2 + 12*d - 27. Give w(-4).
5
Let r(s) = -s**2 - 222*s - 9824. Calculate r(-61).
-3
Let n(s) = -s**3 + 39*s**2 - 24*s + 877. What is n(39)?
-59
Let w(h) = -16*h**3 - 40*h**2 - 22*h - 8. Determine w(-2).
4
Let n(a) = -a**2 + 54*a - 290. Determine n(50).
-90
Let w(n) = -103*n + 3478. What is w(34)?
-24
Let i(l) = -94*l**2 - 1597*l - 42. What is i(-17)?
-59
Let t(s) = -s**3 + 19*s**2 + 306*s - 1499. What is t(28)?
13
Let x(h) = -8*h + 1. What is x(-1)?
9
Let j(w) = 278*w - 971. Determine j(4).
141
Let y(i) = 2*i**2 - 24*i - 6. What is y(12)?
-6
Let v(n) = -n**2 + 25*n - 68. Determine v(21).
16
Let n(j) = -j**3 + 40*j**2 + 175*j + 43. Determine n(44).
-1
Let p(c) = c**2 + 81*c + 1370. What is p(-55)?
-60
Let r(s) = 4*s**2 + 49*s + 53. Give r(-12).
41
Let u(p) = p**2 + 41*p + 73. Determine u(-35).
-137
Let n(y) = -y**3 + 5*y**2 + 81*y - 115. Give n(10).
195
Let d(k) = -k**2 + 9*k + 29. Give d(18).
-133
Let n(l) = 170*l - 22750. What is n(134)?
30
Let l(o) = 3*o**3 + 10*o**2 + 16*o + 54. What is l(-6)?
-330
Let h(y) = y**3 - 22*y**2 + 123*y - 57. What is h(12)?
-21
Let x(u) = -4*u**3 + 32*u**2 + 187*u - 1. Give x(-4).
19
Let z(o) = -o**2 + 479*o - 4687. Determine z(10).
3
Let s(d) = -d**3 + 5*d**2 + 57*d + 23. Calculate s(11).
-76
Let r(j) = -j**3 + 46*j**2 + 27*j - 1223. Give r(46).
19
Let n(y) = -2*y**3 - 439*y**2 - 213*y + 1311. Give n(-219).
-3
Let m(v) = -3918*v + 101869. Determine m(26).
1
Let f(d) = d**2 - 74*d - 1086. Determine f(88).
146
Let z(q) = -1146*q - 11477. Calculate z(-10).
-17
Let l(j) = -123*j**2 - 1176*j + 552. Give l(-10).
12
Let z(j) = 14*j**2 + 45*j + 8. Give z(-2).
-26
Let p(x) = 6741*x - 390983. Determine p(58).
-5
Let r(l) = -27*l**3 - 2*l**2 + 2*l + 5. Calculate r(2).
-215
Let f(z) = -z**3 - 29*z**2 - 124*z - 50. Determine f(-23).
-372
Let n(r) = -274*r - 4375. Calculate n(-16).
9
Let a(x) = -3*x**2 + 45*x - 512. Give a(14).
-470
Let r(u) = -2*u**2 - 43*u - 203. Give r(-10).
27
Let i(h) = -177*h - 5321. Give i(-30).
-11
Let a(f) = -1531*f + 7674. Give a(5).
19
Let y(o) = o**2 + 29*o - 6. What is y(-8)?
-174
Let g(v) = -v**2 + 41*v + 1384. What is g(63)?
-2
Let x(l) = 2*l**3 - 48*l**2 - 13*l + 418. Calculate x(24).
106
Let z(l) = l**3 + 3*l**2 - 13*l + 16. Determine z(-6).
-14
Let j(d) = -79*d - 1056. Calculate j(-13).
-29
Let y(t) = -6*t + 141. Calculate y(25).
-9
Let f(a) = a**3 - 27*a**2 + 170*a - 14. Determine f(17).
-14
Let r(j) = -9460*j + 236495. Calculate r(25).
-5
Let z(b) = 22527*b + 112628. What is z(-5)?
-7
Let f(r) = -1051*r - 42029. What is f(-40)?
11
Let x(s) = -s**2 - 16*s - 48. What is x(-4)?
0
Let z(g) = g**2 + 79*g - 965. Determine z(11).
25
Let j(n) = 3*n**2 + 17*n - 36. Determine j(-7).
-8
Let x(t) = 2*t**3 + 21*t**2 + 49*t + 361. Give x(-10).
-29
Let v(l) = -5*l**2 + 26*l + 516. Determine v(-9).
-123
Let s(b) = -6*b**2 - 482*b + 330. Determine s(-81).
6
Let h(c) = 167*c + 2721. Calculate h(-16).
49
Let a(g) = 3*g**2 + 122*g + 152. Calculate a(-39).
-43
Let h(g) = -4418*g + 4432. What is h(1)?
14
Let s(q) = -3*q - 97. Determine s(-31).
-4
Let a(i) = 14*i**2 - 148*i + 196. Give a(9).
-2
Let a(k) = 767*k + 8435. Determine a(-11).
-2
Let q(s) = 408*s - 4532. Calculate q(11).
-44
Let g(o) = 10*o**2 - 583*o + 20. What is g(58)?
-154
Let p(f) = 3448*f - 3452. What is p(1)?
-4
Let k(p) = 292*p + 4081. Give k(-14).
-7
Let b(o) = -11*o**2 - 101*o + 490. Determine b(5).
-290
Let j(k) = k**3 - 7*k**2 - 8*k + 23. Determine j(-3).
-43
Let c(i) = -i**2 + 47*i + 345. Give c(54).
-33
Let z(p) = -618*p - 20442. Calculate z(-33).
-48
Let f(y) = -21*y**2 + 73*y - 2. What is f(4)?
-46
Let t(l) = -l**3 + 9*l**2 - 9*l + 32. Determine t(7).
67
Let v(l) = -278*l - 587. Determine v(-2).
-31
Let d(z) = -122*z - 7319. Give d(-60).
1
Let q(h) = 131*h + 8184. Determine q(-62).
62
Let o(c) = 14*c**3 + 96*c**2 - 12*c + 14. Determine o(-7).
0
Let a(d) = -d**2 - d + 4. Determine a(-21).
-416
Let z(n) = 7*n**2 + 253*n + 1826. What is z(-10)?
-4
Let g(x) = x**2 + 213*x - 1529. What is g(7)?
11
Let i(g) = -164*g + 57395. Calculate i(350).
-5
Let q(w) = -3*w**2 - 3*w - 43. Determine q(5).
-133
Let a(i) = 20*i - 1025. What is a(52)?
15
Let p(g) = g**3 + 81*g**2 - 7*g - 560. Calculate p(-81).
7
Let z(b) = -18*b**2 + 28*b - 1. Calculate z(1).
9
Let w(m) = 35*m - 71. Calculate w(-3).
-176
Let t(v) = -v**3 - 25*v**2 + 75*v - 253. Calculate t(-28).
-1
Let y(f) = 37*f**2 - 5847*f + 165. What is y(158)?
7
Let q(s) = s**3 + 27*s**2 - 26*s - 265. Determine q(-28).
-321
Let o(q) = 36*q**2 + 92*q - 32. Give o(-3).
16
Let p(m) = 64*m**2 + 9*m. Give p(-1).
55
Let c(f) = 56*f + 646. Determine c(-10).
86
Let r(u) = -u**2 + 13*u - 34. Give r(14).
-48
Let j(k) = k**3 - 4*k**2 - 122*k - 38. What is j(-9)?
7
Let d(f) = 75*f + 1513. Determine d(-21).
-62
Let g(t) = -t**2 - 14*t - 27. Determine g(-11).
6
Let z(v) = -7431*v + 44586. Calculate z(6).
0
Let n(o) = o**3 - 29*o**2 + 55*o - 77. Determine n(27).
-50
Let v(d) = -d**2 + 61*d - 378. Determine v(9).
90
Let z(u) = -1447*u + 18793. What is z(13)?
-18
Let x(k) = 21*k - 4. Determine x(-1).
-25
Let w(c) = 473*c + 42545. What is w(-90)?
-25
Let l(z) = -2*z**2 - 11*z + 20. Give l(3).
-31
Let x(u) = -7*u - 21. What is x(3)?
-42
Let o(m) = -2*m**2 - m + 424. What is o(-15)?
-11
Let x(w) = w**3 - 23*w**2 + 76*w - 244. Give x(14).
-944
Let a(f) = -8*f**2 - 46*f + 18. What is a(-6)?
6
Let m(v) = v**2 + 86*v + 1226. Calculate m(-68).
2
Let a(l) = -l**3 + 16*l**2 - 54*l + 84. Calculate a(10).
144
Let t(l) = -81*l + 1945. Calculate t(24).
1
Let y(k) = 3*k**2 - 41*k - 33. Determine y(15).
27
Let v(l) = -l**3 + 5*l**2 + 8*l - 49. What is v(4)?
-1
Let j(f) = -3*f**3 + 3*f**2 - 33*f + 31. What is j(1)?
-2
Let r(w) = -2*w + 116. Determine r(28).
60
Let p(q) = -q**3 - 27*q**2 + 197*q - 37. Calculate p(-33).
-4
Let u(h) = h**2 - 305*h + 20725. Give u(102).
19
Let u(x) = 5*x + 61. Calculate u(-8).
21
Let p(d) = -48*d**3 - 13*d**2 - d - 1. Determine p(-1).
35
Let g(v) = 21*v + 327. Calculate g(-20).
-93
Let k(b) = 12*b**2 + 119*b + 21. Give k(-10).
31
Let j(m) = 2*m**3 + 56*m**2 + 381*m + 74. Give j(-11).
-3
Let n(k) = 30*k - 1566. What is n(52)?
-6
Let n(w) = -3*w**2 + 27*w + 11. Calculate n(13).
-145
Let z(a) = 104*a + 3183. Calculate z(-40).
-977
Let z(u) = -126*u + 1763. What is z(14)?
-1
Let q(u) = 860*u - 3458. Calculate q(4).
-18
Let p(s) = -60*s + 1246. Give p(21).
-14
Let r(b) = 2*b**3 - 12*b**2 - 493*b + 13. What is r(19)?
32
Let q(v) = 83*v**2 + 174*v + 9. Determine q(-2).
-7
Let v(c) = 2*c**3 - 49*c**2 + 101*c + 196. Calculate v(22).
-2
Let j(n) = n**2 + 4*n - 67. Determine j(7).
10
Let q(v) = -7*v + 123. What is q(23)?
-38
Let v(a) = a**2 + 19*a + 50. What is v(-15)?
-10
Let b(g) = -g**2 - 7*g + 65. What is b(-13)?
-13
Let k(q) = -2*q**3 + 8*q**2 + 3*q - 7. Calculate k(4).
5
Let c(b) = -b**2 + 1888*b - 3783. Calculate c(2).
-11
Let x(a) = 104*a + 14154. Calculate x(-136).
10
Let c(j) = 20*j + 121. Give c(-11).
-99
Let z(c) = 59*c**2 + 317*c - 4. What is z(-6)?
218
Let k(c) = c**3 + 8*c**2 + 13. Give k(-8).
13
Let q(d) = -4*d**2 - 74*d -